y(-2). Calculate the remainder when 145 is divided by (-4)/(-14) + q/91.
34
Suppose 4*u - 6*u = -182. Let h(g) = 27*g**2 - g. Calculate the remainder when h(-1) is divided by (6 - 8)*u/(-14).
2
Suppose -18*k - 8 = -21*k - 4*s, -23 = -5*k + 3*s. Suppose 0 = k*q + 14*b - 10*b - 484, q - 4*b - 101 = 0. What is the remainder when q is divided by 15?
12
Let u(a) = 6*a**2 + 14*a - 25. What is the remainder when (0 + 148 - -6)/2 is divided by u(2)?
23
Let r(i) = -5*i**3 - 212*i**2 - 83*i + 78. Calculate the remainder when 1424 is divided by r(-42).
20
Let v(q) = -601*q - 6946. Calculate the remainder when 1387 is divided by v(-12).
57
Suppose -p + 5*z = -50 + 80, -z + 12 = p. Calculate the remainder when 726 is divided by p.
1
Let p be (-9)/(-24) - (-2980)/160. Suppose 21*o - 148 = p*o. Calculate the remainder when 217 is divided by o.
69
Let c(t) = 4*t - 24. Let j be c(28). Suppose j = 6*x + 10. Calculate the remainder when 36 is divided by x.
10
Let x(r) = 12*r**2 + 2. Suppose 0 = -5*v + 16 - 1. Suppose v*u + 12 = 6*u, 4*g - 5*u = -28. Calculate the remainder when x(g) is divided by 9.
5
Calculate the remainder when 2 - 26404/(-63) - (-27)/(-243) is divided by 63.
43
Suppose -2*t + 130 = -8. Suppose -5*q = -4*p + 15, 0*q - p + 7 = 2*q. What is the remainder when (t/115)/(2/10) is divided by q?
0
Calculate the remainder when 2/10 + (-539864)/(-580) is divided by 142.
79
Let y(d) = -d**3 - 2*d**2 + 12*d + 23. Let b be y(-6). Calculate the remainder when 4 is divided by (b/5 - 3)*3/12.
0
Suppose 1416 + 909 = -3*s. Let r = -637 - s. Calculate the remainder when r is divided by 20.
18
Let h(j) = -j**2 - 6*j - 8. Let d be h(-5). Let b(t) = 9 - 44*t - 25 + 2. What is the remainder when b(d) is divided by 15?
13
Suppose a = 0, 3*o - 7*a = -4*a - 1764. Calculate the remainder when 111/6 - 1/2 is divided by (-6)/10 + o/(-105).
3
Suppose -14*f + 275 = 67 - 282. Suppose -x + 2*i = -86 - 34, -5*x + 586 = 4*i. What is the remainder when x is divided by f?
13
Let d = 2357 - 2171. Calculate the remainder when d is divided by 147.
39
Suppose -6 = -i + 4*t - t, 2*i - 27 = t. Calculate the remainder when (-333)/(-14)*(-182)/52*(-152)/57 is divided by i.
12
Suppose -46*k - 3628 = 11046. Let m = k + 373. What is the remainder when 323 is divided by m?
53
Let a = 4718 + -3998. What is the remainder when a is divided by 358?
4
Suppose 5*r - 1425 = -60. Let b = r - 192. What is the remainder when b is divided by 44?
37
Let w be (-1 - 5/(-4))/((-28)/54544). Let p = w - -862. What is the remainder when p is divided by 54?
51
Let n = -12 - -18. Suppose -1916 - 271 + 192 = -105*c. Calculate the remainder when c is divided by n.
1
Let o(b) = b**2 - 43*b - 334. Calculate the remainder when 334 is divided by o(-7).
14
What is the remainder when 154 is divided by 3*((-910)/(-42) + 6)?
71
Let a be (-1*16/(-10))/((-8)/(-480)). Let k be (-1)/(a/(-20) - -5). Calculate the remainder when -2 + (-1)/5 + (-686)/k is divided by 46.
43
Let o(f) = f**3 - 12*f**2 - 106*f - 23. What is the remainder when o(19) is divided by 100?
90
Let i = -13537 - -13554. Let f = -46 + 74. What is the remainder when f is divided by i?
11
Let b = -60 + 67. Suppose 100 = -5*u + b*u. What is the remainder when 298 is divided by u?
48
Let y = 272 - 270. Suppose u + r = 6*r + 187, 381 = y*u - 3*r. Calculate the remainder when u is divided by 39.
36
Let z(o) = -o**3 - 5*o**2 - 5*o - 1. Let k be z(-4). Suppose -2*u = d - 80, -4*u + 40 = -k*u - 3*d. What is the remainder when u is divided by 21?
19
Let a = 139 + -25. Suppose -u + 2*b = -45, -2*u + a = 2*b - 0. What is the remainder when u is divided by 28?
25
Suppose 0 = -8*m - 276 - 4. Let c(l) = -2*l - 51. Calculate the remainder when 94 is divided by c(m).
18
Suppose 5*l - 1521*m = -1526*m + 56505, l - 2*m = 11295. Calculate the remainder when l is divided by 12.
7
Let n(r) = r**3 - 5*r**2 + 11*r - 21. Suppose 0 = -12*l + 6*l + 36. What is the remainder when n(l) is divided by 43?
38
Suppose -113 - 15 = -2*s. Suppose 1596 = 5*z + 2*h, 12*z - 17*z + 2*h + 1584 = 0. What is the remainder when z is divided by s?
62
What is the remainder when (0 - (-1 - -2))/(17081/(-17062) - -1) is divided by 82?
78
Let d(a) = -139*a - 1597. What is the remainder when d(-13) is divided by 174?
36
Let x(v) be the second derivative of -5*v**3/2 - 23*v**2/2 + 16*v + 3. What is the remainder when 73 is divided by x(-2)?
3
Let k = 6335 + -6328. Suppose -2*l + 2*q = -55 - 65, 2*l - 117 = 5*q. What is the remainder when l is divided by k?
5
Let d(i) = -i**2 + 13*i - 8. Let g be (3 - -33)/2*(-3)/(-6). Let x be d(g). Let w = x - 23. Calculate the remainder when 23 is divided by w.
3
Let x(t) = -t**3 - 31*t**2 + 24*t + 395. What is the remainder when 1337 is divided by x(-32)?
35
Let g(j) = -23*j - 105. Let v(c) = -10*c - 10. Let o be v(-2). Suppose -o*q + 31 = -29. What is the remainder when g(-5) is divided by q?
4
Let y(f) be the first derivative of -f**3 - 2*f**2 - f - 12. Let s be y(3). Let n = 119 + s. What is the remainder when n is divided by 17?
11
Let i(g) = -g**2 + 12*g + 38. Let k be i(11). Suppose -156 = -k*h + 10*h. What is the remainder when 1/(((-4)/10)/(-2)) is divided by h?
1
Suppose -4*q - 607 = 289. What is the remainder when 7824/46 - q/(-2576) is divided by 44?
38
Let p be 3 - (4 - 3) - -12. Let b be (p/(-6) + 3)/(2/9). Suppose 52 = -b*d + 127. Calculate the remainder when d is divided by 13.
12
Let f be 3*(12/8)/(7/168). Suppose 4*y = -s + 90, -5*y = -2*s + 262 - f. Calculate the remainder when s is divided by (-17)/1*-1*1.
14
Let c be ((-5)/(-5))/(-1)*(5 - 5). Suppose c = z - 23 + 9. Calculate the remainder when 40 is divided by z.
12
Let u(d) = 36*d - 387. Calculate the remainder when u(23) is divided by 2.
1
Let v = 11 + -3. Suppose 4*m + 4*r - 12 = 0, 3*m = 5*r + 67 - 50. Suppose v*s + m*s = 396. What is the remainder when s is divided by 17?
16
Suppose -2*c + 8 + 0 = 2*m, -4*m + 5*c - 29 = 0. Suppose 5*z = -0*z - 2*u - 11, u + 1 = -z. Calculate the remainder when 55 is divided by 0 - (-56)/12*z*m.
13
Let y = 19 + -64. Let d = 81 - y. What is the remainder when d is divided by 38?
12
Let l = -53 + 53. Suppose 4*u - 12 = l, -18 = -a - 7*u + 2*u. Suppose -3*q + 45 = 4*b, 0*b + a*q + 45 = 2*b. What is the remainder when 44 is divided by b?
14
Suppose -8*h + 1634 - 650 = 0. Suppose 88 = -5*s + 243. What is the remainder when h is divided by s?
30
Suppose -2*s = -0*s - 4*d - 1784, -4*s + 5*d = -3583. Suppose -5*p - x + 19 = -s, 2*x = -5*p + 922. What is the remainder when p is divided by 6?
4
Let o(g) = -g**3 - 9*g**2 + 41*g + 67. Calculate the remainder when 227 is divided by o(-12).
3
What is the remainder when 214 + ((-288)/20)/4 + 14/(-35) is divided by 29?
7
Let v(i) = 305*i - 1198. Calculate the remainder when 21206 is divided by v(4).
20
What is the remainder when 144 is divided by (27612/27)/26 + 8/(-6)?
30
Suppose 3*m + 3211 = 22*m. Suppose 9*n = m - 16. Calculate the remainder when 83 is divided by n.
15
Suppose 2*k = 2*f - 64, 28*f = 25*f - 4*k + 82. What is the remainder when 1256 is divided by f?
26
Let u(y) = 9 + 2 - 16 + 37*y + 5 + 6 + y**2. Calculate the remainder when 17 is divided by u(-37).
5
Let h(l) = l**3 + 49*l**2 + 93*l - 50. Let w be h(-47). Let b(p) = -80*p - 90. What is the remainder when b(w) is divided by 38?
36
Let u(k) = 2*k**2 - 10*k + 12. Suppose -y + 0 + 6 = 0. Let f be u(y). Suppose -2*o = 2*o - f. What is the remainder when 23 is divided by o?
5
Suppose -5850 = -35*q + 6793 + 6397. What is the remainder when q is divided by 146?
106
Suppose -4*j + 72 = -j. Suppose 3*i - 4*n = -29, i + 3*n + 72 = -3*i. What is the remainder when (-21)/35 + (-1 - 714/i) is divided by j?
22
Suppose -15*u + 18*u = 6. Suppose -o + 7 = j, -u*j - j + 3 = 0. What is the remainder when 69 is divided by o?
3
What is the remainder when 1850/3 + ((-400)/(-30) - 14) is divided by 306?
4
Let f(h) = -h**3 + 18*h**2 - 2*h + 42. Calculate the remainder when 3/(-1) - (-9 - 2 - -1) is divided by f(18).
1
Suppose z - 136*r - 105 = -134*r, -300 = -3*z + r. Let f = -20 + 45. Calculate the remainder when z is divided by f.
24
Let h(y) = y + 46. Let v be h(23). Suppose 3*j - 114 = -v. Let q(p) = 6*p**2 - p. What is the remainder when j is divided by q(1)?
0
Let d = 1980 